What is the millions digit of 4192344?
4
What is the units digit of 257013?
3
What is the units digit of 392529?
9
What is the tens digit of 6700372?
7
What is the tens digit of 409321?
2
What is the millions digit of 1670477?
1
What is the ten thousands digit of 546347?
4
What is the tens digit of 2883821?
2
What is the millions digit of 1261889?
1
What is the thousands digit of 50723?
0
What is the units digit of 3362873?
3
What is the thousands digit of 1874982?
4
What is the ten thousands digit of 229607?
2
What is the millions digit of 1367608?
1
What is the ten thousands digit of 17171321?
7
What is the units digit of 4335925?
5
What is the hundreds digit of 800782?
7
What is the millions digit of 5150887?
5
What is the hundreds digit of 2936607?
6
What is the thousands digit of 118791?
8
What is the tens digit of 7138568?
6
What is the tens digit of 10325458?
5
What is the millions digit of 6319105?
6
What is the ten thousands digit of 788535?
8
What is the hundreds digit of 878592?
5
What is the tens digit of 14010275?
7
What is the hundreds digit of 198196?
1
What is the hundreds digit of 1490240?
2
What is the units digit of 1086293?
3
What is the ten thousands digit of 5553926?
5
What is the ten thousands digit of 2701713?
0
What is the ten thousands digit of 4554017?
5
What is the thousands digit of 73049?
3
What is the tens digit of 12005513?
1
What is the tens digit of 11378170?
7
What is the hundred thousands digit of 12916392?
9
What is the units digit of 8291847?
7
What is the thousands digit of 8623729?
3
What is the units digit of 639040?
0
What is the ten thousands digit of 190479?
9
What is the hundred thousands digit of 270284?
2
What is the units digit of 185914?
4
What is the ten thousands digit of 3961491?
6
What is the ten thousands digit of 683807?
8
What is the tens digit of 98916?
1
What is the thousands digit of 2154130?
4
What is the millions digit of 17594271?
7
What is the hundreds digit of 587226?
2
What is the thousands digit of 9925858?
5
What is the ten millions digit of 17739970?
1
What is the hundred thousands digit of 192245?
1
What is the thousands digit of 162256?
2
What is the ten thousands digit of 193800?
9
What is the hundred thousands digit of 15747458?
7
What is the units digit of 7894056?
6
What is the tens digit of 249998?
9
What is the hundreds digit of 399720?
7
What is the tens digit of 3127742?
4
What is the tens digit of 4623146?
4
What is the thousands digit of 1655290?
5
What is the tens digit of 5668094?
9
What is the hundred thousands digit of 3692038?
6
What is the millions digit of 1651944?
1
What is the tens digit of 8594912?
1
What is the hundreds digit of 98621?
6
What is the hundred thousands digit of 11567801?
5
What is the tens digit of 12764366?
6
What is the ten thousands digit of 45529?
4
What is the hundred thousands digit of 2636550?
6
What is the hundred thousands digit of 220214?
2
What is the millions digit of 19233094?
9
What is the thousands digit of 403736?
3
What is the ten thousands digit of 288207?
8
What is the thousands digit of 278313?
8
What is the hundred thousands digit of 33596274?
5
What is the tens digit of 1307307?
0
What is the tens digit of 6060527?
2
What is the tens digit of 11773187?
8
What is the hundred thousands digit of 3279981?
2
What is the units digit of 112700?
0
What is the tens digit of 175612?
1
What is the tens digit of 4543520?
2
What is the hundred thousands digit of 19353328?
3
What is the thousands digit of 7699264?
9
What is the hundred thousands digit of 1171665?
1
What is the units digit of 11951830?
0
What is the hundred thousands digit of 719847?
7
What is the units digit of 7032177?
7
What is the units digit of 2472741?
1
What is the millions digit of 5370227?
5
What is the ten millions digit of 19583942?
1
What is the millions digit of 4416940?
4
What is the millions digit of 6140386?
6
What is the tens digit of 2193842?
4
What is the hundreds digit of 147841?
8
What is the hundreds digit of 8856289?
2
What is the tens digit of 24486?
8
What is the thousands digit of 611978?
1
What is the tens digit of 262255?
5
What is the thousands digit of 14643020?
3
What is the tens digit of 5494?
9
What is the thousands digit of 33319600?
9
What is the units digit of 16040175?
5
What is the tens digit of 5217799?
9
What is the hundred thousands digit of 12714667?
7
What is the hundreds digit of 157874?
8
What is the tens digit of 36045?
4
What is the hundreds digit of 156844?
8
What is the units digit of 11699373?
3
What is the tens digit of 657314?
1
What is the tens digit of 10998?
9
What is the units digit of 75629?
9
What is the thousands digit of 396435?
6
What is the ten thousands digit of 481502?
8
What is the thousands digit of 870728?
0
What is the units digit of 484904?
4
What is the tens digit of 769362?
6
What is the tens digit of 922383?
8
What is the units digit of 80268?
8
What is the hundred thousands digit of 224092?
2
What is the hundreds digit of 7343?
3
What is the units digit of 2383562?
2
What is the thousands digit of 590196?
0
What is the hundreds digit of 212251?
2
What is the millions digit of 2939602?
2
What is the thousands digit of 809269?
9
What is the thousands digit of 1530556?
0
What is the ten thousands digit of 32695503?
9
What is the tens digit of 999277?
7
What is the thousands digit of 47966?
7
What is the tens digit of 5476869?
6
What is the thousands digit of 1632739?
2
What is the thousands digit of 97878?
7
What is the ten thousands digit of 338350?
3
What is the thousands digit of 494573?
4
What is the hundreds digit of 322393?
3
What is the millions digit of 2386569?
2
What is the thousands digit of 1441399?
1
What is the hundreds digit of 4536740?
7
What is the ten thousands digit of 304937?
0
What is the thousands digit of 2505427?
5
What is the units digit of 4986065?
5
What is the tens digit of 2419089?
8
What is the ten thousands digit of 515670?
1
What is the units digit of 343914?
4
What is the ten millions digit of 22217921?
2
What is the thousands digit of 10322288?
2
What is the thousands digit of 319908?
9
What is the hundred thousands digit of 26060008?
0
What is the thousands digit of 289126?
9
What is the units digit of 1183134?
4
What is the hundred thousands digit of 372303?
3
What is the units digit of 160195?
5
What is the ten thousands digit of 799356?
9
What is the hundred thousands digit of 330999?
3
What is the hundred thousands digit of 138781?
1
What is the tens digit of 316798?
9
What is the hundreds digit of 1842721?
7
What is the tens digit of 61037?
3
What is the units digit of 699193?
3
What is the ten thousands digit of 1359403?
5
What is the hundreds digit of 8152242?
2
What is the ten thousands digit of 7399821?
9
What is the ten thousands digit of 586514?
8
What is the thousands digit of 186581?
6
What is the units digit of 1852291?
1
What is the millions digit of 3582293?
3
What is the hundreds digit of 497989?
9
What is the hundreds digit of 351211?
2
What is the hundreds digit of 43168070?
0
What is the hundred thousands digit of 1693942?
6
What is the thousands digit of 61567?
1
What is the hundred thousands digit of 198336?
1
What is the ten thousands digit of 412877?
1
What is the thousands digit of 2716244?
6
What is the ten millions digit of 12679770?
1
What is the tens digit of 161376?
7
What is the tens digit of 688655?
5
What is the thousands digit of 61123?
1
What is the ten thousands digit of 344354?
4
What is the thousands digit of 1339061?
9
What is the ten thousands digit of 604846?
0
What is the tens digit of 2835317?
1
What is the thousands digit of 2052761?
2
What is the ten thousands digit of 210084?
1
What is the thousands digit of 20641817?
1
What is the tens digit of 646961?
6
What is the hundreds digit of 2732665?
6
What is the tens digit of 634018?
1
What is the units digit of 9712103?
3
What is the thousands digit of 157547?
7
What is the hundred thousands digit of 3773233?
7
What is the ten thousands digit of 9889177?
8
What is the ten thousands digit of 9704997?
0
What is the units digit of 15690612?
2
What is the tens digit of 69105?
0
What is the thousands digit of 125429?
5
What is the hundred thousands digit of 474920?
4
What